*f**2 - 18*f + 21. Let o be p(17). Suppose -o*r + 1395 = -i, 2 - 11 = 3*i. What are the prime factors of r?
2, 3, 29
Suppose 0 = 4*h - 2*w - 190896, -221573 - 17053 = -5*h + w. List the prime factors of h.
2, 7, 487
Let r be (-1)/(4/(-16)*1). Suppose r*d - 8 = -2*x, -5*x = -d - 19 - 1. Suppose 7*c - 724 - 116 = d. What are the prime factors of c?
2, 3, 5
Suppose t - 4*i = -4, -4*i - 5 = -5*t + 7. Suppose -x = t*f - 1313, -f + x + 1630 = 4*f. What are the prime factors of f?
3, 109
Let g = 2794 + -1806. Suppose 4*d = 2*u - 54, d + 4*d - 26 = -3*u. List the prime factors of 3 + g/u + 26/(-221).
61
Let n = 27437 + -15954. What are the prime factors of n?
11483
Let b = 13172 - 10237. What are the prime factors of b?
5, 587
Suppose 26112 = 5*j - 6063. Suppose 18*t - j = 459. List the prime factors of t.
383
Let i = 123 - 191. Let a = i - -113. What are the prime factors of a?
3, 5
Let m be (4/(-18))/(28/42)*0. Suppose m = l - 5*n - 500, 3*l = -2*n + 581 + 953. What are the prime factors of l?
2, 3, 5, 17
Let z be (-2 - (-6)/5) + (-316784)/(-130). What are the prime factors of (z/(-15))/(8/(-20))?
2, 7, 29
Suppose 0 = -4*o - 8 - 0, -4*k + 10 = 5*o. Suppose 308 = k*r - 197. Suppose r = 5*d - 239. List the prime factors of d.
2, 17
List the prime factors of (25 + 15)*2796/10.
2, 3, 233
Let v(s) = 374*s + 315. Suppose 379 - 427 = -12*o. What are the prime factors of v(o)?
1811
List the prime factors of (-28)/((-44)/(-11)) - -13147.
2, 3, 5, 73
Suppose 3*o + 27 = -6*o. What are the prime factors of (-1060)/o + (-6)/9*-1?
2, 3, 59
Let y(s) = 2*s**3 - 14*s**2 + 9*s + 2. Let o be y(8). Suppose o + 170 = -4*z. What are the prime factors of -3 - (0 - ((-6)/(-2) - z))?
3, 31
Suppose -7*p = 2*c - 6*p + 290, 0 = c - p + 139. What are the prime factors of (-22)/c + 23355/39?
599
Suppose 9*s - 77 = -50. Let a(k) = 51*k**3 - 4*k**2 + 6*k + 5. What are the prime factors of a(s)?
2, 11, 31
Suppose -812362 - 968411 = -37*x. List the prime factors of x.
3, 61, 263
Let r = 18 + -31. Let n = r - -55. Suppose -n - 63 = -5*w. What are the prime factors of w?
3, 7
Suppose 0 = -p - 43 - 0. Let b = -41 - p. Suppose -3*q + 153 = g, 0 = b*g - g. What are the prime factors of q?
3, 17
Let k = -2298 + 8871. List the prime factors of k.
3, 7, 313
Let h = -18183 + 32467. What are the prime factors of h?
2, 3571
Suppose 0 = 5*d - 2*d + 5*c + 14, -4*c = 2*d + 12. Suppose 4*q - 2764 = -4*b, 0 = -3*b - 6*q + d*q + 2074. What are the prime factors of b?
2, 3, 5, 23
Suppose -27*x + 20157 + 76314 = 0. What are the prime factors of x?
3, 397
Suppose -9264 = 10*u + 14*u. Let b = 70 - u. What are the prime factors of b?
2, 3, 19
Suppose -55*z - 2*h = -60*z + 12119, 2*h + 4850 = 2*z. List the prime factors of z.
2423
Let b(c) = -3*c + 52. Let d be b(11). Let s(k) = -5 + 11*k**2 - 10 - 29*k**2 - 9 - 15*k + k**3. List the prime factors of s(d).
2, 13
Let s(k) = -43*k - 37. Let y(f) = 21*f + 18. Let w(m) = 2*s(m) + 5*y(m). What are the prime factors of w(11)?
3, 5
Let d(b) = -78*b**2 + 4927*b - 58. What are the prime factors of d(36)?
2, 38113
Let y(o) = o**3 + 156. Let n be y(0). Suppose -11*z + 336 = 3*z. List the prime factors of z/n + (-960)/(-13).
2, 37
Let b be (-2 - 39/(-21)) + (-6582)/(-14). Let r = 245 + b. List the prime factors of r.
5, 11, 13
Suppose -23202 = -4*j - 2*i, -3338 = -j + 2*i + 2450. What are the prime factors of j?
2, 13, 223
Suppose -307*n + 304*n = -3*j + 762, -2*j + 502 = -4*n. Suppose b + 304 = -3*b. Let q = b + j. List the prime factors of q.
181
Let i(y) = 14*y**2 + 6*y + 11. Let b be i(-4). Let p = b - -174. What are the prime factors of p?
5, 7, 11
Suppose 3*a = 27*q - 22*q - 20, -5*q + 2*a = -15. Let k(n) = -2 + 4 + 79*n + 2. What are the prime factors of k(q)?
83
Suppose -5*h = -2*f - 110372, -h + 22080 = -241*f + 242*f. What are the prime factors of h?
2, 5519
Let j = -52580 + 74369. List the prime factors of j.
3, 269
Let c(g) = -6*g - 62. Let p be c(-9). Let v(o) = 23*o - 1. Let y be v(-1). List the prime factors of 18/y + (-1574)/p.
2, 7
Let u(f) = -f**2 + 19*f + 25. Let c be u(15). Let w = 8 + c. What are the prime factors of w?
3, 31
What are the prime factors of (4370/57 - (-6)/(-9))*876/16?
3, 19, 73
Let r = 0 + -1. Suppose -19*o - 382 = 36. Let s = r - o. List the prime factors of s.
3, 7
Let u(o) = 17*o - 31. Let v(i) = -10 - 48 + 28 + 18*i. Let g(z) = -2*u(z) + 3*v(z). What are the prime factors of g(7)?
2, 7
Suppose 32*y = 35*y. What are the prime factors of -422*(6/(-4) - y)/3?
211
Suppose 27*g = -9 + 63. Suppose 2*f - 2584 = 4*k, -k - 838 = -g*f + 1761. What are the prime factors of f?
2, 3, 7, 31
Let g be (-4)/26 + (-12606)/26. List the prime factors of (-3 + 4*18/40)*g.
2, 3, 97
Suppose -5*t - 3 = -18. Suppose x + 9 = 4*x, -5*x = -t*p + 300. What are the prime factors of p?
3, 5, 7
Let y(a) = 3941*a - 1160. List the prime factors of y(5).
5, 3709
Let m be 3 + (1 - 1) + (-1 - 0). Suppose -9 = 3*w, m*o + 17 = 6*o + 5*w. Suppose -6*n + o*n - 62 = 0. What are the prime factors of n?
31
Let x(y) = y. Let r be 4*(-9)/(-12) + -4. Let f(z) = -31*z - 13. Let i(o) = r*f(o) + 4*x(o). What are the prime factors of i(3)?
2, 59
Let l(s) = s**3 + 4*s**2 - 6*s. Let n be l(-5). Suppose -n*z + 649 = -341. Suppose -p = -4*p + z. List the prime factors of p.
2, 3, 11
Suppose -79324 = -187*x + 173*x. List the prime factors of x.
2, 2833
Suppose 5*z = -3*a - 1430, 15*a - 5*z + 945 = 13*a. Let f = a - -883. List the prime factors of f.
2, 3, 17
Let c(y) = -y**3 + 10*y**2 + 2*y - 20. Let x be c(10). Suppose x = 14*p - 9*p - 820. List the prime factors of p.
2, 41
Suppose 30*n + 869856 - 2166456 = 0. List the prime factors of n.
2, 5, 2161
Let n = 7 - -35. Suppose d = 87 - 90. What are the prime factors of 11*n/6 - d?
2, 5
Let a = 84923 - 30514. List the prime factors of a.
54409
Let b = 58 - 60. Let t be 6/(b/6 - (-2)/(-12)). List the prime factors of (0 + -141)*t/18.
2, 47
Let m(x) = -115*x + 15. Let u be m(4). Let q = 305 + u. Let a = q + 261. What are the prime factors of a?
11
Suppose -3*r + 287 = -2*t, -5*r = -2*t - 2*t - 477. Let j = r + -4. Let x = j + -38. What are the prime factors of x?
5, 11
Suppose -g = 3, 4*g = 4*t + 2*g - 278. Suppose -t = -4*m + 4*y, -m + 7 + 6 = y. Suppose -m*u + 20*u - 590 = 0. List the prime factors of u.
2, 59
Let c = -185 - -185. Suppose c = 15*n - 4756 - 2879. What are the prime factors of n?
509
Suppose 16*q = 2*q + 36*q - 48224. What are the prime factors of q?
2, 137
Let g(f) = -8*f - 36. Let k(w) = -3*w - 12. Let o(b) = 2*g(b) - 7*k(b). Let m(i) = -i**2 - 7*i + 8. Let u be m(-6). List the prime factors of o(u).
2, 41
Let n be (-5)/(-150)*6 - 96/(-20). Suppose -37 + 29 = 4*i, n*p - 3*i = 6391. List the prime factors of p.
1277
Let j = -60945 + 103250. What are the prime factors of j?
5, 8461
Suppose -1422*b + 1413*b + 206820 = 0. List the prime factors of b.
2, 3, 5, 383
Let s be (-4288)/(-14) - (280/(-49) - -6). Let a = 8083 + -4592. Suppose 13*t = a - s. What are the prime factors of t?
5, 7
Suppose 5*s = -2*o + 80539, 16*o - 4*s - 80476 = 14*o. List the prime factors of o.
2, 29, 347
Let q(v) = -v**3 - v**2 + 5*v + 9. Let t be (-4 - 0) + -4 + 11. Let b be 1 + (t/9)/(2/(-30)). List the prime factors of q(b).
37
Suppose 3*l - 80 = -74. Suppose -6*i + 3*i + 5*t + 3673 = 0, 4*i + l*t = 4932. What are the prime factors of i?
1231
Let n(d) = d**3 + 28 - 4*d**2 + 0*d**3 - 15*d**2. Let y be n(19). Suppose y*b = 27*b + 72. List the prime factors of b.
2, 3
Let w = -69 + 53. List the prime factors of w/(-5)*(-10)/(-4).
2
Suppose 28*n = 58*n - 26*n - 35616. What are the prime factors of n?
2, 3, 7, 53
Let q(s) = s - 3. Let d(g) = g**2 - 1. Let z be d(2). Let f be q(z). Suppose -4*k + 4*u + 12 = f, 4*u + 6 + 3 = 3*k. List the prime factors of k.
3
Let y(k) = -59*k + 1. Let q(d) = 58*d - 2. Let p(s) = 5*q(s) + 6*y(s). List the prime factors of p(-5).
2, 79
Let n = 398 + -398. Suppose 0 = -n*f - 5*f - 3*y + 1271, -5*f + 1275 = 5*y. List the prime factors of f.
11, 23
Suppose 0*h + 5*h = -5*v - 1775, -5*h + 1795 = -5*v. Let m = -42 - v. Let f = 491 - m. List the prime factors of f.
2, 11
Let a(s) = -5 + 26 - 13 - 6 + 7*s - 4*s**2 - s**3. Let x be a(-5). List the prime factors of x/(-20) + 915/25.
37
Suppose 18467 = 2*u - 3841 - 6978. 